{"id":57,"date":"2024-02-05T12:32:39","date_gmt":"2024-02-05T11:32:39","guid":{"rendered":"https:\/\/parisvu.fr\/?page_id=57"},"modified":"2025-11-24T10:40:24","modified_gmt":"2025-11-24T09:40:24","slug":"visites-guidees-paris-ludique","status":"publish","type":"page","link":"https:\/\/parisvu.fr\/index.php\/visites-guidees-paris-ludique\/","title":{"rendered":"Visites guid\u00e9es Paris Ludique"},"content":{"rendered":"\t\t<div data-elementor-type=\"wp-page\" data-elementor-id=\"57\" class=\"elementor elementor-57\">\n\t\t\t\t<div class=\"elementor-element elementor-element-767f19ff e-flex e-con-boxed e-con e-parent\" data-id=\"767f19ff\" data-element_type=\"container\" data-e-type=\"container\">\n\t\t\t\t\t<div class=\"e-con-inner\">\n\t\t<div class=\"elementor-element elementor-element-67fa8b60 e-con-full e-flex e-con e-child\" data-id=\"67fa8b60\" data-element_type=\"container\" data-e-type=\"container\">\n\t\t\t\t<div class=\"elementor-element elementor-element-1779c5c2 elementor-widget elementor-widget-image\" data-id=\"1779c5c2\" data-element_type=\"widget\" data-e-type=\"widget\" data-widget_type=\"image.default\">\n\t\t\t\t<div class=\"elementor-widget-container\">\n\t\t\t\t\t\t\t\t\t\t\t\t\t\t\t<img fetchpriority=\"high\" decoding=\"async\" width=\"1500\" height=\"375\" src=\"https:\/\/parisvu.fr\/wp-content\/uploads\/2024\/05\/cropped-COUR-DAMOYE-2-e1716561532947.jpg\" class=\"attachment-full size-full wp-image-849\" alt=\"\" srcset=\"https:\/\/parisvu.fr\/wp-content\/uploads\/2024\/05\/cropped-COUR-DAMOYE-2-e1716561532947.jpg 1500w, https:\/\/parisvu.fr\/wp-content\/uploads\/2024\/05\/cropped-COUR-DAMOYE-2-e1716561532947-300x75.jpg 300w, https:\/\/parisvu.fr\/wp-content\/uploads\/2024\/05\/cropped-COUR-DAMOYE-2-e1716561532947-1024x256.jpg 1024w, https:\/\/parisvu.fr\/wp-content\/uploads\/2024\/05\/cropped-COUR-DAMOYE-2-e1716561532947-768x192.jpg 768w\" sizes=\"(max-width: 1500px) 100vw, 1500px\" \/>\t\t\t\t\t\t\t\t\t\t\t\t\t\t\t<\/div>\n\t\t\t\t<\/div>\n\t\t\t\t<div class=\"elementor-element elementor-element-2b03cafb elementor-widget elementor-widget-heading\" data-id=\"2b03cafb\" data-element_type=\"widget\" data-e-type=\"widget\" data-widget_type=\"heading.default\">\n\t\t\t\t<div class=\"elementor-widget-container\">\n\t\t\t\t\t<h1 class=\"elementor-heading-title elementor-size-default\">Visites guid\u00e9es Paris Ludique<\/h1>\t\t\t\t<\/div>\n\t\t\t\t<\/div>\n\t\t\t\t<\/div>\n\t\t\t\t\t<\/div>\n\t\t\t\t<\/div>\n\t\t<div class=\"elementor-element elementor-element-a3ba737 e-flex e-con-boxed e-con e-parent\" data-id=\"a3ba737\" data-element_type=\"container\" data-e-type=\"container\">\n\t\t\t\t\t<div class=\"e-con-inner\">\n\t\t<div class=\"elementor-element elementor-element-3a8c945 e-con-full e-flex e-con e-child\" data-id=\"3a8c945\" data-element_type=\"container\" data-e-type=\"container\">\n\t\t\t\t<div class=\"elementor-element elementor-element-aa9219f elementor-widget elementor-widget-text-editor\" data-id=\"aa9219f\" data-element_type=\"widget\" data-e-type=\"widget\" data-widget_type=\"text-editor.default\">\n\t\t\t\t<div class=\"elementor-widget-container\">\n\t\t\t\t\t\t\t\t\t<p><!-- Balise Title (SEO) --><\/p>\n<p><!-- Meta Description --><\/p>\n<p><!-- Meta Keywords (optionnels mais encore utiles pour certains moteurs) --><\/p>\n<p><!-- Balises Open Graph (partage r\u00e9seaux sociaux) --><\/p>\n<p><!-- Balises Twitter Card --><\/p>\n<h1>Visites p\u00e9dagogiques \u00e0 Paris pour groupes scolaires \u2013 D\u00e9couvrez l\u2019Histoire de France avec ParisVu<\/h1>\n<main>\n<section>\n<h2>Des sorties \u00e9ducatives con\u00e7ues pour les \u00e9l\u00e8ves fran\u00e7ais et internationaux<\/h2>\n<p>ParisVu propose aux <strong>groupes scolaires<\/strong> des visites p\u00e9dagogiques immersives pour d\u00e9couvrir <strong>l\u2019Histoire de France \u00e0 Paris<\/strong>. Nos activit\u00e9s \u2014 visites guid\u00e9es, jeux de piste et livrets \u00e9ducatifs \u2014 permettent aux \u00e9l\u00e8ves d\u2019apprendre de mani\u00e8re vivante, interactive et adapt\u00e9e aux programmes scolaires.<\/p>\n<\/section>\n<section>\n<h2>Explorer l\u2019Histoire de France autrement<\/h2>\n<article>\n<h3>La R\u00e9volution fran\u00e7aise<\/h3>\n<p>Les \u00e9l\u00e8ves d\u00e9couvrent les lieux symboliques, les enjeux politiques et les figures majeures de cette p\u00e9riode fondatrice.<\/p>\n<\/article>\n<article>\n<h3>Napol\u00e9on Bonaparte<\/h3>\n<p>Un parcours pour comprendre son ascension, ses r\u00e9formes et les traces laiss\u00e9es dans la capitale.<\/p>\n<\/article>\n<article>\n<h3>Olympe de Gouges<\/h3>\n<p>Une immersion dans son combat pour les droits des femmes, l\u2019\u00e9galit\u00e9 et les valeurs citoyennes.<\/p>\n<\/article>\n<article>\n<h3>Victor Hugo<\/h3>\n<p>Une d\u00e9couverte de ses engagements litt\u00e9raires et politiques, de son \u0153uvre et de son influence sur la soci\u00e9t\u00e9 fran\u00e7aise.<\/p>\n<\/article>\n<article>\n<h3>Marie de M\u00e9dicis<\/h3>\n<p>Un parcours autour de son r\u00f4le politique, artistique et de son impact sur l\u2019histoire monarchique.<\/p>\n<\/article>\n<\/section>\n<section>\n<h2>Des outils p\u00e9dagogiques pour apprendre en s\u2019amusant<\/h2>\n<ul>\n<li><strong>Livret p\u00e9dagogique<\/strong> pour pr\u00e9parer ou approfondir la visite<\/li>\n<li><strong>Jeux de piste<\/strong> favorisant la coop\u00e9ration et l\u2019observation<\/li>\n<li><strong>Activit\u00e9s ludiques<\/strong> adapt\u00e9es aux cycles scolaires<\/li>\n<li><strong>Quiz et \u00e9nigmes<\/strong> pour renforcer les connaissances<\/li>\n<\/ul>\n<p>Nos supports permettent aux enseignants de relier la sortie au programme d\u2019histoire, de fran\u00e7ais, d\u2019\u00e9ducation civique et d\u2019arts plastiques.<\/p>\n<\/section>\n<section>\n<h2>Une organisation cl\u00e9 en main pour les enseignants<\/h2>\n<p>ParisVu facilite la mise en place de la sortie scolaire gr\u00e2ce \u00e0 :<\/p>\n<ul>\n<li>une organisation flexible et adapt\u00e9e aux contraintes des enseignants ;<\/li>\n<li>des m\u00e9diateurs sp\u00e9cialis\u00e9s en p\u00e9dagogie ;<\/li>\n<li>des contenus adapt\u00e9s aux niveaux du primaire, coll\u00e8ge et lyc\u00e9e ;<\/li>\n<li>des parcours situ\u00e9s dans les lieux historiques incontournables de Paris.<\/li>\n<\/ul>\n<\/section>\n<section>\n<h2>Offrez \u00e0 vos \u00e9l\u00e8ves une exp\u00e9rience culturelle unique \u00e0 Paris<\/h2>\n<p>Avec ParisVu, les \u00e9l\u00e8ves vivent une immersion compl\u00e8te dans l\u2019Histoire de France. Nos visites p\u00e9dagogiques allient plaisir d\u2019apprendre, d\u00e9couverte culturelle et compr\u00e9hension du patrimoine.<\/p>\n<p><span style=\"font-family: Inter; font-size: 20px; font-style: normal; font-variant-ligatures: normal; font-variant-caps: normal; font-weight: 400; letter-spacing: -0.8px;\">Pour plus d&rsquo;informations ou une demande de devis, merci d&rsquo;envoyer un e-mail \u00e0 : parisvu.contact@gmail.com<\/span><\/p>\n<\/section>\n<p>\u00a0<\/p>\n<\/main>\n<p>\u00a0<\/p>\t\t\t\t\t\t\t\t<\/div>\n\t\t\t\t<\/div>\n\t\t\t\t<\/div>\n\t\t<div class=\"elementor-element elementor-element-0005fb3 e-con-full e-flex e-con e-child\" data-id=\"0005fb3\" data-element_type=\"container\" data-e-type=\"container\">\n\t\t<div class=\"elementor-element elementor-element-10ab3e5 e-con-full e-flex e-con e-child\" data-id=\"10ab3e5\" data-element_type=\"container\" data-e-type=\"container\">\n\t\t\t\t<div class=\"elementor-element elementor-element-55e89b2 elementor-widget elementor-widget-image\" data-id=\"55e89b2\" data-element_type=\"widget\" data-e-type=\"widget\" data-widget_type=\"image.default\">\n\t\t\t\t<div class=\"elementor-widget-container\">\n\t\t\t\t\t\t\t\t\t\t\t\t\t\t\t<img decoding=\"async\" width=\"1024\" height=\"683\" src=\"https:\/\/parisvu.fr\/wp-content\/uploads\/2025\/11\/IMG_0243-1024x683.jpg\" class=\"attachment-large size-large wp-image-1622\" alt=\"Visite guid\u00e9e Passages couverts Paris avec un local\" srcset=\"https:\/\/parisvu.fr\/wp-content\/uploads\/2025\/11\/IMG_0243-1024x683.jpg 1024w, https:\/\/parisvu.fr\/wp-content\/uploads\/2025\/11\/IMG_0243-300x200.jpg 300w, https:\/\/parisvu.fr\/wp-content\/uploads\/2025\/11\/IMG_0243-768x512.jpg 768w, https:\/\/parisvu.fr\/wp-content\/uploads\/2025\/11\/IMG_0243-1536x1024.jpg 1536w, https:\/\/parisvu.fr\/wp-content\/uploads\/2025\/11\/IMG_0243-2048x1365.jpg 2048w\" sizes=\"(max-width: 1024px) 100vw, 1024px\" \/>\t\t\t\t\t\t\t\t\t\t\t\t\t\t\t<\/div>\n\t\t\t\t<\/div>\n\t\t\t\t<\/div>\n\t\t<div class=\"elementor-element elementor-element-ba387b5 e-con-full e-flex e-con e-child\" data-id=\"ba387b5\" data-element_type=\"container\" data-e-type=\"container\">\n\t\t\t\t<\/div>\n\t\t\t\t<\/div>\n\t\t\t\t\t<\/div>\n\t\t\t\t<\/div>\n\t\t<div class=\"elementor-element elementor-element-3eaa14d e-flex e-con-boxed e-con e-parent\" data-id=\"3eaa14d\" data-element_type=\"container\" data-e-type=\"container\">\n\t\t\t\t\t<div class=\"e-con-inner\">\n\t\t<div class=\"elementor-element elementor-element-c7aca49 e-con-full e-flex e-con e-child\" data-id=\"c7aca49\" data-element_type=\"container\" data-e-type=\"container\">\n\t\t\t\t<div class=\"elementor-element elementor-element-cfefbd7 elementor-widget elementor-widget-image\" data-id=\"cfefbd7\" data-element_type=\"widget\" data-e-type=\"widget\" data-widget_type=\"image.default\">\n\t\t\t\t<div class=\"elementor-widget-container\">\n\t\t\t\t\t\t\t\t\t\t\t\t\t\t\t<img decoding=\"async\" width=\"768\" height=\"1024\" src=\"https:\/\/parisvu.fr\/wp-content\/uploads\/2025\/11\/image00017-768x1024.jpeg\" class=\"attachment-large size-large wp-image-1630\" alt=\"\" srcset=\"https:\/\/parisvu.fr\/wp-content\/uploads\/2025\/11\/image00017-768x1024.jpeg 768w, https:\/\/parisvu.fr\/wp-content\/uploads\/2025\/11\/image00017-225x300.jpeg 225w, https:\/\/parisvu.fr\/wp-content\/uploads\/2025\/11\/image00017-1152x1536.jpeg 1152w, https:\/\/parisvu.fr\/wp-content\/uploads\/2025\/11\/image00017-1536x2048.jpeg 1536w, https:\/\/parisvu.fr\/wp-content\/uploads\/2025\/11\/image00017-scaled.jpeg 1920w\" sizes=\"(max-width: 768px) 100vw, 768px\" \/>\t\t\t\t\t\t\t\t\t\t\t\t\t\t\t<\/div>\n\t\t\t\t<\/div>\n\t\t\t\t<\/div>\n\t\t<div class=\"elementor-element elementor-element-34d05b9 e-con-full e-flex e-con e-child\" data-id=\"34d05b9\" data-element_type=\"container\" data-e-type=\"container\">\n\t\t\t\t<div class=\"elementor-element elementor-element-48f2727 elementor-widget elementor-widget-text-editor\" data-id=\"48f2727\" data-element_type=\"widget\" data-e-type=\"widget\" data-widget_type=\"text-editor.default\">\n\t\t\t\t<div class=\"elementor-widget-container\">\n\t\t\t\t\t\t\t\t\t<h1>Team Building \u00e0 Paris : activit\u00e9s d\u2019entreprise ludiques et culturelles<\/h1>\n<main>\n<section>\n<h2>Des exp\u00e9riences originales pour renforcer la coh\u00e9sion d\u2019\u00e9quipe<\/h2>\n<p>ParisVu propose aux entreprises et aux CSE des activit\u00e9s de <strong>team building \u00e0 Paris<\/strong> m\u00ealant jeu, culture et collaboration. Nos exp\u00e9riences immersives permettent de f\u00e9d\u00e9rer les \u00e9quipes, d\u2019am\u00e9liorer la communication et d\u2019offrir aux salari\u00e9s une parenth\u00e8se stimulante au c\u0153ur de la capitale.<\/p>\n<\/section>\n<section>\n<h2>Escape game dans les Passages Couverts de Paris<\/h2>\n<p>Offrez \u00e0 vos collaborateurs un <strong>escape game urbain<\/strong> dans les Passages Couverts : un parcours d\u2019\u00e9nigmes et de d\u00e9fis collaboratifs qui encourage l\u2019\u00e9change, la r\u00e9flexion collective et la coh\u00e9sion. Une activit\u00e9 id\u00e9ale pour dynamiser les \u00e9quipes et d\u00e9couvrir un patrimoine parisien m\u00e9connu.<\/p>\n<\/section>\n<section>\n<h2>Une immersion dans la R\u00e9volution fran\u00e7aise<\/h2>\n<p>Pour une exp\u00e9rience plus culturelle, ParisVu propose une visite interactive consacr\u00e9e \u00e0 la <strong>R\u00e9volution fran\u00e7aise<\/strong>. Vos employ\u00e9s red\u00e9couvrent un moment cl\u00e9 de l\u2019Histoire de France \u00e0 travers anecdotes, lieux embl\u00e9matiques et esprit collectif, dans une sortie enrichissante et m\u00e9morable.<\/p>\n<\/section>\n<section>\n<h2>Une activit\u00e9 adapt\u00e9e aux entreprises et aux CSE<\/h2>\n<p>Nos parcours sont accessibles \u00e0 tous, personnalisables et con\u00e7us pour r\u00e9pondre aux besoins des \u00e9quipes, des managers et des <strong>CSE<\/strong> souhaitant proposer des <strong>avantages salari\u00e9s<\/strong> originaux, ludiques et f\u00e9d\u00e9rateurs.<\/p>\n<p>Avec ParisVu, offrez \u00e0 vos collaborateurs une exp\u00e9rience unique qui renforce les liens, stimule la motivation et cr\u00e9e des souvenirs durables.<\/p>\n<p>Pour plus d&rsquo;informations ou une demande de devis, merci d&rsquo;envoyer un e-mail \u00e0 : parisvu.contact@gmail.com<\/p>\n<\/section>\n<p>\u00a0<\/p>\n<\/main>\n<p>\u00a0<\/p>\t\t\t\t\t\t\t\t<\/div>\n\t\t\t\t<\/div>\n\t\t\t\t<\/div>\n\t\t\t\t\t<\/div>\n\t\t\t\t<\/div>\n\t\t\t\t<\/div>\n\t\t","protected":false},"excerpt":{"rendered":"<p>Visites guid\u00e9es Paris Ludique Visites p\u00e9dagogiques \u00e0 Paris pour groupes scolaires \u2013 D\u00e9couvrez l\u2019Histoire de France avec ParisVu Des sorties \u00e9ducatives con\u00e7ues pour les \u00e9l\u00e8ves fran\u00e7ais et internationaux ParisVu propose aux groupes scolaires des visites p\u00e9dagogiques immersives pour d\u00e9couvrir l\u2019Histoire de France \u00e0 Paris. Nos activit\u00e9s \u2014 visites guid\u00e9es, jeux de piste et livrets \u00e9ducatifs [&hellip;]<\/p>\n","protected":false},"author":1,"featured_media":0,"parent":0,"menu_order":0,"comment_status":"closed","ping_status":"closed","template":"","meta":{"ocean_post_layout":"","ocean_both_sidebars_style":"","ocean_both_sidebars_content_width":0,"ocean_both_sidebars_sidebars_width":0,"ocean_sidebar":"","ocean_second_sidebar":"","ocean_disable_margins":"enable","ocean_add_body_class":"","ocean_shortcode_before_top_bar":"","ocean_shortcode_after_top_bar":"","ocean_shortcode_before_header":"","ocean_shortcode_after_header":"","ocean_has_shortcode":"","ocean_shortcode_after_title":"","ocean_shortcode_before_footer_widgets":"","ocean_shortcode_after_footer_widgets":"","ocean_shortcode_before_footer_bottom":"","ocean_shortcode_after_footer_bottom":"","ocean_display_top_bar":"default","ocean_display_header":"default","ocean_header_style":"","ocean_center_header_left_menu":"","ocean_custom_header_template":"","ocean_custom_logo":0,"ocean_custom_retina_logo":0,"ocean_custom_logo_max_width":0,"ocean_custom_logo_tablet_max_width":0,"ocean_custom_logo_mobile_max_width":0,"ocean_custom_logo_max_height":0,"ocean_custom_logo_tablet_max_height":0,"ocean_custom_logo_mobile_max_height":0,"ocean_header_custom_menu":"","ocean_menu_typo_font_family":"","ocean_menu_typo_font_subset":"","ocean_menu_typo_font_size":0,"ocean_menu_typo_font_size_tablet":0,"ocean_menu_typo_font_size_mobile":0,"ocean_menu_typo_font_size_unit":"px","ocean_menu_typo_font_weight":"","ocean_menu_typo_font_weight_tablet":"","ocean_menu_typo_font_weight_mobile":"","ocean_menu_typo_transform":"","ocean_menu_typo_transform_tablet":"","ocean_menu_typo_transform_mobile":"","ocean_menu_typo_line_height":0,"ocean_menu_typo_line_height_tablet":0,"ocean_menu_typo_line_height_mobile":0,"ocean_menu_typo_line_height_unit":"","ocean_menu_typo_spacing":0,"ocean_menu_typo_spacing_tablet":0,"ocean_menu_typo_spacing_mobile":0,"ocean_menu_typo_spacing_unit":"","ocean_menu_link_color":"","ocean_menu_link_color_hover":"","ocean_menu_link_color_active":"","ocean_menu_link_background":"","ocean_menu_link_hover_background":"","ocean_menu_link_active_background":"","ocean_menu_social_links_bg":"","ocean_menu_social_hover_links_bg":"","ocean_menu_social_links_color":"","ocean_menu_social_hover_links_color":"","ocean_disable_title":"default","ocean_disable_heading":"default","ocean_post_title":"","ocean_post_subheading":"","ocean_post_title_style":"","ocean_post_title_background_color":"","ocean_post_title_background":0,"ocean_post_title_bg_image_position":"","ocean_post_title_bg_image_attachment":"","ocean_post_title_bg_image_repeat":"","ocean_post_title_bg_image_size":"","ocean_post_title_height":0,"ocean_post_title_bg_overlay":0.5,"ocean_post_title_bg_overlay_color":"","ocean_disable_breadcrumbs":"default","ocean_breadcrumbs_color":"","ocean_breadcrumbs_separator_color":"","ocean_breadcrumbs_links_color":"","ocean_breadcrumbs_links_hover_color":"","ocean_display_footer_widgets":"default","ocean_display_footer_bottom":"default","ocean_custom_footer_template":"","footnotes":""},"class_list":["post-57","page","type-page","status-publish","hentry","entry"],"_links":{"self":[{"href":"https:\/\/parisvu.fr\/index.php\/wp-json\/wp\/v2\/pages\/57","targetHints":{"allow":["GET"]}}],"collection":[{"href":"https:\/\/parisvu.fr\/index.php\/wp-json\/wp\/v2\/pages"}],"about":[{"href":"https:\/\/parisvu.fr\/index.php\/wp-json\/wp\/v2\/types\/page"}],"author":[{"embeddable":true,"href":"https:\/\/parisvu.fr\/index.php\/wp-json\/wp\/v2\/users\/1"}],"replies":[{"embeddable":true,"href":"https:\/\/parisvu.fr\/index.php\/wp-json\/wp\/v2\/comments?post=57"}],"version-history":[{"count":46,"href":"https:\/\/parisvu.fr\/index.php\/wp-json\/wp\/v2\/pages\/57\/revisions"}],"predecessor-version":[{"id":1650,"href":"https:\/\/parisvu.fr\/index.php\/wp-json\/wp\/v2\/pages\/57\/revisions\/1650"}],"wp:attachment":[{"href":"https:\/\/parisvu.fr\/index.php\/wp-json\/wp\/v2\/media?parent=57"}],"curies":[{"name":"wp","href":"https:\/\/api.w.org\/{rel}","templated":true}]}}