{"id":578,"date":"2024-02-26T14:14:18","date_gmt":"2024-02-26T13:14:18","guid":{"rendered":"https:\/\/parisvu.fr\/?page_id=578"},"modified":"2025-02-25T08:42:54","modified_gmt":"2025-02-25T07:42:54","slug":"paris-jamais-vu-de","status":"publish","type":"page","link":"https:\/\/parisvu.fr\/index.php\/de\/paris-jamais-vu-de\/","title":{"rendered":"Paris Jamais vu"},"content":{"rendered":"\n<figure class=\"wp-block-image alignwide size-large\"><img fetchpriority=\"high\" decoding=\"async\" width=\"1024\" height=\"374\" src=\"https:\/\/parisvu.fr\/wp-content\/uploads\/2024\/06\/COUR-DAMOYE-2-e1716561532947-2-1024x374.jpg\" alt=\"\" class=\"wp-image-803\" srcset=\"https:\/\/parisvu.fr\/wp-content\/uploads\/2024\/06\/COUR-DAMOYE-2-e1716561532947-2-1024x374.jpg 1024w, https:\/\/parisvu.fr\/wp-content\/uploads\/2024\/06\/COUR-DAMOYE-2-e1716561532947-2-300x110.jpg 300w, https:\/\/parisvu.fr\/wp-content\/uploads\/2024\/06\/COUR-DAMOYE-2-e1716561532947-2-768x280.jpg 768w, https:\/\/parisvu.fr\/wp-content\/uploads\/2024\/06\/COUR-DAMOYE-2-e1716561532947-2-1536x561.jpg 1536w, https:\/\/parisvu.fr\/wp-content\/uploads\/2024\/06\/COUR-DAMOYE-2-e1716561532947-2.jpg 1600w\" sizes=\"(max-width: 1024px) 100vw, 1024px\" \/><\/figure>\n\n\n\n<h2 class=\"wp-block-heading alignwide has-text-align-center\"><strong>Paris Jamais vu<\/strong><\/h2>\n\n\n\n<h4 class=\"wp-block-heading has-text-align-center\">Du hast immer davon geh\u00f6rt, bist aber nie dort gewesen oder hattest nie wirklich Zeit zum Erkunden? Du bist hier genau richtig. ParisVu bietet <strong>Spazierg\u00e4nge in weniger bekannten oder vergessenen Vierteln von Paris<\/strong> an.<\/h4>\n\n\n\n<div class=\"wp-block-cover alignfull is-light\" style=\"min-height:408px;aspect-ratio:unset;\"><span aria-hidden=\"true\" class=\"wp-block-cover__background has-background-dim-100 has-background-dim\" style=\"background-color:#ffffff\"><\/span><div class=\"wp-block-cover__inner-container is-layout-flow wp-block-cover-is-layout-flow\">\n<div class=\"wp-block-media-text alignwide is-stacked-on-mobile is-vertically-aligned-center is-image-fill-element has-background\" style=\"background-color:#e6e4f0;grid-template-columns:34% auto\"><figure class=\"wp-block-media-text__media\"><img decoding=\"async\" width=\"1024\" height=\"768\" src=\"https:\/\/parisvu.fr\/wp-content\/uploads\/2024\/02\/Cite-universitaire-Maison-internationale-1024x768.jpg\" alt=\"\" class=\"wp-image-247 size-full\" style=\"object-position:50% 50%\" srcset=\"https:\/\/parisvu.fr\/wp-content\/uploads\/2024\/02\/Cite-universitaire-Maison-internationale-1024x768.jpg 1024w, https:\/\/parisvu.fr\/wp-content\/uploads\/2024\/02\/Cite-universitaire-Maison-internationale-300x225.jpg 300w, https:\/\/parisvu.fr\/wp-content\/uploads\/2024\/02\/Cite-universitaire-Maison-internationale-768x576.jpg 768w, https:\/\/parisvu.fr\/wp-content\/uploads\/2024\/02\/Cite-universitaire-Maison-internationale-1536x1152.jpg 1536w, https:\/\/parisvu.fr\/wp-content\/uploads\/2024\/02\/Cite-universitaire-Maison-internationale.jpg 2048w\" sizes=\"(max-width: 1024px) 100vw, 1024px\" \/><\/figure><div class=\"wp-block-media-text__content\">\n<h2 class=\"wp-block-heading has-text-color\" style=\"color:#000000;font-size:32px\"><strong>La Cit\u00e9 universitaire internationale<\/strong><\/h2>\n\n\n\n<p class=\"has-text-color\" style=\"color:#000000;font-size:17px\">Verloren in den Tiefen des 14. Arrondissements, ist die <strong>Cit\u00e9 Internationale Universitaire<\/strong> ein einzigartiger Campus in der Welt. Mit Architekturen, so vielf\u00e4ltig wie abwechslungsreich, repr\u00e4sentiert dieser ungew\u00f6hnliche Park ein Mikrokosmos, der f\u00fcr diejenigen, die seine Geschichte nicht lesen k\u00f6nnen, schwer zu verstehen ist. Entdecken Sie einen emblematischen Ort des internationalen Studentenlebens und seine Geschichte seit Beginn des 20. Jahrhunderts. <br>Dauer: Mindestens 1 Stunde 30 Minuten <br>Schwierigkeitsgrad beim Gehen: Medium<\/p>\n\n\n\n<div class=\"wp-block-buttons is-layout-flex wp-block-buttons-is-layout-flex\">\n<div class=\"wp-block-button is-style-fill\"><a class=\"wp-block-button__link wp-element-button\" href=\"https:\/\/parisvu.fr\/index.php\/contact\/\">Buchen<\/a><\/div>\n<\/div>\n<\/div><\/div>\n\n\n\n<div class=\"wp-block-media-text alignwide has-media-on-the-right is-stacked-on-mobile is-vertically-aligned-center is-image-fill-element has-ast-global-color-4-background-color has-background\" style=\"grid-template-columns:auto 37%\"><div class=\"wp-block-media-text__content\">\n<h2 class=\"wp-block-heading has-text-color\" style=\"color:#000000;font-size:32px\"><strong>Paris franz\u00f6sische Revolution<\/strong><\/h2>\n\n\n\n<p class=\"has-text-color\" style=\"color:#000000;font-size:17px\">Was w\u00e4re Paris ohne die verschiedenen Revolutionen, die seine Geschichte gepr\u00e4gt haben? <strong>Paris R\u00e9volution<\/strong> bietet an, das Viertel Bastille und Faubourg Saint-Antoine auf der Suche nach Spuren zu erkunden, die noch heute von der Franz\u00f6sischen Revolution von 1789 zeugen. Durch das industrielle Erbe der 12. und 11. Arrondissements von Paris folgt die Route Schritt f\u00fcr Schritt den H\u00f6hepunkten der Revolution. <br>Dauer: Ungef\u00e4hr 1 Stunde 30 Minuten <br>Schwierigkeitsgrad beim Gehen: Einfach<\/p>\n\n\n\n<div class=\"wp-block-buttons is-layout-flex wp-block-buttons-is-layout-flex\">\n<div class=\"wp-block-button is-style-fill\"><a class=\"wp-block-button__link wp-element-button\" href=\"https:\/\/parisvu.fr\/index.php\/contact\/\">Buchen<\/a><\/div>\n<\/div>\n<\/div><figure class=\"wp-block-media-text__media\"><img decoding=\"async\" width=\"768\" height=\"1024\" src=\"https:\/\/parisvu.fr\/wp-content\/uploads\/2024\/12\/WhatsApp-Image-2024-03-22-a-20.47.57_ac298d6c-3-768x1024.jpg\" alt=\"\" class=\"wp-image-1012 size-full\" style=\"object-position:50% 50%\" srcset=\"https:\/\/parisvu.fr\/wp-content\/uploads\/2024\/12\/WhatsApp-Image-2024-03-22-a-20.47.57_ac298d6c-3-768x1024.jpg 768w, https:\/\/parisvu.fr\/wp-content\/uploads\/2024\/12\/WhatsApp-Image-2024-03-22-a-20.47.57_ac298d6c-3-225x300.jpg 225w, https:\/\/parisvu.fr\/wp-content\/uploads\/2024\/12\/WhatsApp-Image-2024-03-22-a-20.47.57_ac298d6c-3-1152x1536.jpg 1152w, https:\/\/parisvu.fr\/wp-content\/uploads\/2024\/12\/WhatsApp-Image-2024-03-22-a-20.47.57_ac298d6c-3.jpg 1536w\" sizes=\"(max-width: 768px) 100vw, 768px\" \/><\/figure><\/div>\n\n\n\n<div class=\"wp-block-media-text alignwide is-stacked-on-mobile is-vertically-aligned-center is-image-fill-element has-background\" style=\"background-color:#e6e4f0;grid-template-columns:35% auto\"><figure class=\"wp-block-media-text__media\"><img loading=\"lazy\" decoding=\"async\" width=\"576\" height=\"1024\" src=\"https:\/\/parisvu.fr\/wp-content\/uploads\/2024\/12\/Pletzl-2-2-576x1024.jpg\" alt=\"\" class=\"wp-image-1018 size-full\" style=\"object-position:50% 50%\" srcset=\"https:\/\/parisvu.fr\/wp-content\/uploads\/2024\/12\/Pletzl-2-2-576x1024.jpg 576w, https:\/\/parisvu.fr\/wp-content\/uploads\/2024\/12\/Pletzl-2-2-169x300.jpg 169w, https:\/\/parisvu.fr\/wp-content\/uploads\/2024\/12\/Pletzl-2-2-768x1365.jpg 768w, https:\/\/parisvu.fr\/wp-content\/uploads\/2024\/12\/Pletzl-2-2-864x1536.jpg 864w, https:\/\/parisvu.fr\/wp-content\/uploads\/2024\/12\/Pletzl-2-2.jpg 1148w\" sizes=\"(max-width: 576px) 100vw, 576px\" \/><\/figure><div class=\"wp-block-media-text__content\">\n<h2 class=\"wp-block-heading has-text-color\" style=\"color:#000000;font-size:32px\"><strong>Yiddish Marais<\/strong><\/h2>\n\n\n\n<p class=\"has-text-color\" style=\"color:#000000;font-size:17px\">Kennen Sie die j\u00fcdische Vergangenheit von Paris? Wussten Sie, dass die Geschichte der Juden eng mit der Geschichte Frankreichs verkn\u00fcpft ist? Mit Paris Yiddish k\u00f6nnen Sie das Viertel Marais in einem v\u00f6llig neuen Licht entdecken. Hinter den kleinen mittelalterlichen Gassen und den vielf\u00e4ltigen Gesch\u00e4ften lassen Sie sich vom Duft der Gerichte aus aschkenasischen und sephardischen Restaurants verzaubern. Lassen Sie sich von der Geschichte der Pariser Juden und ihrem Einfluss auf die Stadt und ihre Geschichte \u00fcberraschen. Tauchen Sie ein in die Yiddishkeit, die ein Jahrhundert lang in Paris bl\u00fchte und heute wieder zum Leben erwacht.<br>Dauer: Ungef\u00e4hr 1 Stunde 30 Minuten <br>Schwierigkeitsgrad beim Gehen: Einfach<\/p>\n\n\n\n<div class=\"wp-block-buttons is-layout-flex wp-block-buttons-is-layout-flex\">\n<div class=\"wp-block-button is-style-fill\"><a class=\"wp-block-button__link wp-element-button\" href=\"https:\/\/parisvu.fr\/index.php\/contact\/\">Buchen<\/a><\/div>\n<\/div>\n\n\n\n<p><\/p>\n<\/div><\/div>\n<\/div><\/div>\n","protected":false},"excerpt":{"rendered":"<p>Paris Jamais vu Du hast immer davon geh\u00f6rt, bist aber nie dort gewesen oder hattest nie wirklich Zeit zum Erkunden? Du bist hier genau richtig. ParisVu bietet Spazierg\u00e4nge in weniger bekannten oder vergessenen Vierteln von Paris an.<\/p>\n","protected":false},"author":1,"featured_media":0,"parent":0,"menu_order":0,"comment_status":"closed","ping_status":"closed","template":"","meta":{"ocean_post_layout":"","ocean_both_sidebars_style":"","ocean_both_sidebars_content_width":0,"ocean_both_sidebars_sidebars_width":0,"ocean_sidebar":"","ocean_second_sidebar":"","ocean_disable_margins":"enable","ocean_add_body_class":"","ocean_shortcode_before_top_bar":"","ocean_shortcode_after_top_bar":"","ocean_shortcode_before_header":"","ocean_shortcode_after_header":"","ocean_has_shortcode":"","ocean_shortcode_after_title":"","ocean_shortcode_before_footer_widgets":"","ocean_shortcode_after_footer_widgets":"","ocean_shortcode_before_footer_bottom":"","ocean_shortcode_after_footer_bottom":"","ocean_display_top_bar":"default","ocean_display_header":"default","ocean_header_style":"","ocean_center_header_left_menu":"","ocean_custom_header_template":"","ocean_custom_logo":0,"ocean_custom_retina_logo":0,"ocean_custom_logo_max_width":0,"ocean_custom_logo_tablet_max_width":0,"ocean_custom_logo_mobile_max_width":0,"ocean_custom_logo_max_height":0,"ocean_custom_logo_tablet_max_height":0,"ocean_custom_logo_mobile_max_height":0,"ocean_header_custom_menu":"","ocean_menu_typo_font_family":"","ocean_menu_typo_font_subset":"","ocean_menu_typo_font_size":0,"ocean_menu_typo_font_size_tablet":0,"ocean_menu_typo_font_size_mobile":0,"ocean_menu_typo_font_size_unit":"px","ocean_menu_typo_font_weight":"","ocean_menu_typo_font_weight_tablet":"","ocean_menu_typo_font_weight_mobile":"","ocean_menu_typo_transform":"","ocean_menu_typo_transform_tablet":"","ocean_menu_typo_transform_mobile":"","ocean_menu_typo_line_height":0,"ocean_menu_typo_line_height_tablet":0,"ocean_menu_typo_line_height_mobile":0,"ocean_menu_typo_line_height_unit":"","ocean_menu_typo_spacing":0,"ocean_menu_typo_spacing_tablet":0,"ocean_menu_typo_spacing_mobile":0,"ocean_menu_typo_spacing_unit":"","ocean_menu_link_color":"","ocean_menu_link_color_hover":"","ocean_menu_link_color_active":"","ocean_menu_link_background":"","ocean_menu_link_hover_background":"","ocean_menu_link_active_background":"","ocean_menu_social_links_bg":"","ocean_menu_social_hover_links_bg":"","ocean_menu_social_links_color":"","ocean_menu_social_hover_links_color":"","ocean_disable_title":"default","ocean_disable_heading":"default","ocean_post_title":"","ocean_post_subheading":"","ocean_post_title_style":"","ocean_post_title_background_color":"","ocean_post_title_background":0,"ocean_post_title_bg_image_position":"","ocean_post_title_bg_image_attachment":"","ocean_post_title_bg_image_repeat":"","ocean_post_title_bg_image_size":"","ocean_post_title_height":0,"ocean_post_title_bg_overlay":0.5,"ocean_post_title_bg_overlay_color":"","ocean_disable_breadcrumbs":"default","ocean_breadcrumbs_color":"","ocean_breadcrumbs_separator_color":"","ocean_breadcrumbs_links_color":"","ocean_breadcrumbs_links_hover_color":"","ocean_display_footer_widgets":"default","ocean_display_footer_bottom":"default","ocean_custom_footer_template":"","footnotes":""},"class_list":["post-578","page","type-page","status-publish","hentry","entry"],"_links":{"self":[{"href":"https:\/\/parisvu.fr\/index.php\/wp-json\/wp\/v2\/pages\/578","targetHints":{"allow":["GET"]}}],"collection":[{"href":"https:\/\/parisvu.fr\/index.php\/wp-json\/wp\/v2\/pages"}],"about":[{"href":"https:\/\/parisvu.fr\/index.php\/wp-json\/wp\/v2\/types\/page"}],"author":[{"embeddable":true,"href":"https:\/\/parisvu.fr\/index.php\/wp-json\/wp\/v2\/users\/1"}],"replies":[{"embeddable":true,"href":"https:\/\/parisvu.fr\/index.php\/wp-json\/wp\/v2\/comments?post=578"}],"version-history":[{"count":9,"href":"https:\/\/parisvu.fr\/index.php\/wp-json\/wp\/v2\/pages\/578\/revisions"}],"predecessor-version":[{"id":1078,"href":"https:\/\/parisvu.fr\/index.php\/wp-json\/wp\/v2\/pages\/578\/revisions\/1078"}],"wp:attachment":[{"href":"https:\/\/parisvu.fr\/index.php\/wp-json\/wp\/v2\/media?parent=578"}],"curies":[{"name":"wp","href":"https:\/\/api.w.org\/{rel}","templated":true}]}}